 -d**2 + 18. Let n be z(0). Suppose -5*o = -142 - n. Calculate the remainder when o is divided by t(0).
10
Suppose -q = -6*q. Suppose 3*z + 0 - 18 = q. Calculate the remainder when -4 - (-1 + 0 + -13) is divided by z.
4
Let h = -9 - -3. Let u(b) = -b**2 - 6*b + 1. Let y = 5 + -3. Calculate the remainder when y is divided by u(h).
0
Suppose 0*x + 71 = 4*x + 5*i, -2*x + 31 = i. Calculate the remainder when (270/(-4))/5*-2 is divided by x.
13
Suppose -3*n = -2*n + 5*z - 1, -5*z = -2*n - 43. Let p be (n/(-8) + -2)*-4. What is the remainder when 19 + (p - 0/1) is divided by 7?
6
Let y(h) = -h**2 - 8. Let g be y(0). Let f = 7 - g. Suppose -24 = -4*m - 2*j, -m - 4*j - 32 = -3*m. What is the remainder when f is divided by m?
7
Suppose 4*p + p = 0. Let x = 3 - p. Suppose 0 = -x*j + j + 22. Calculate the remainder when 20 is divided by j.
9
Let s(z) = -3*z - 10. Let y be 1/2 - (-15)/(-2). Calculate the remainder when (24/9)/((-4)/(-30)) is divided by s(y).
9
Let l(h) = h**3 - 10*h**2 - 8*h + 2. Let u = 15 + -4. Suppose 2*n + c + 4*c = 4, n - c - 16 = 0. What is the remainder when l(u) is divided by n?
11
Let q(k) = -k**3 + k**2 + 3. Let n = -6 - -7. What is the remainder when q(0) is divided by ((-3)/n)/((-21)/14)?
1
Suppose -4*l + 5 = v, -14 = -v - 0*v - l. Suppose 5*w + 140 = 5*s, -2*s + 50 = -5*w + 6. Calculate the remainder when s is divided by v.
15
What is the remainder when 13/91 + 3596/14 is divided by 37?
35
Let u = -2 - -95. Calculate the remainder when u is divided by 24.
21
Calculate the remainder when 7 + 4/(12/(-9)) is divided by 2.
0
Suppose 15 = -6*r + 7*r. What is the remainder when 58 is divided by r?
13
Suppose -9*o = -7*o - 14. Let v(c) = -7*c - 2. Suppose -a = -3*a - 4. What is the remainder when v(a) is divided by o?
5
Suppose 0 = -2*r + 11 + 3. Let s(d) = -d**3 + 3*d**2 + 4*d. What is the remainder when s(3) is divided by r?
5
Let m = 14 - 9. Suppose 2*a + 47 = 4*a - m*w, -5*a + 60 = -w. Calculate the remainder when 42 is divided by a.
9
Let c be (2 - 3)/(3/(-6)). Suppose -c*b - 5*x + 2*x = 39, -3*x = -5*b - 87. Let u = -4 - b. Calculate the remainder when 41 is divided by u.
13
Let o(j) = -j**2 - 8*j + 3. Let q be o(-8). Suppose 0 = -q*u + 5*n + 105, 5*n - 30 - 25 = -u. What is the remainder when u is divided by 14?
12
Suppose 18 = -3*w + 4*t, -12 + 0 = 3*w - 2*t. Let p = 4 - w. What is the remainder when 10 is divided by p?
4
Suppose 2*t = 5*t + 9. Let w = 17 - t. Calculate the remainder when w is divided by 0 + 2 + 8 + 1.
9
Suppose 5*k = -s + 25, -25 = 2*s - 3*s + 4*k. Let x = s - -5. What is the remainder when 87 is divided by x?
27
Let a = 35 + -29. What is the remainder when 29 is divided by a?
5
Let z = -80 - -115. What is the remainder when 136 is divided by z?
31
Let g(b) = -b**2 + 10*b - 9. Let h be g(9). Suppose 27 = 3*w - h*w. What is the remainder when (-3)/(-1)*24/w is divided by 5?
3
Let n(o) = -14*o - 14. Let w(b) = 5*b + 2. Calculate the remainder when n(-4) is divided by w(4).
20
Let t(n) = -n**2 - 15*n - 20. What is the remainder when 142 is divided by t(-8)?
34
What is the remainder when (5/(-3))/(2/(-60)) + 3 is divided by 9?
8
Suppose -2 = -2*s, 5*s = 3*n - 12 + 2. Suppose -3*g = -n*a + 1 - 2, -2*g - 31 = 3*a. Calculate the remainder when 41 is divided by 4*(2 + (-26)/g).
20
What is the remainder when (-1566)/(-45) - (-1)/5 is divided by 9?
8
Let l be 2*(-93)/(-6) + -2. Suppose w - 32 = -5*v, 0 = 2*v + 3*w - 8*w - l. Calculate the remainder when v is divided by 5.
2
Let f(b) = -8*b - 7. Suppose 5*v = -l - 13, 0 = -3*l + 8*l - 2*v + 38. What is the remainder when f(l) is divided by 29?
28
Suppose -4*t - 66 = -7*t. Suppose -c = 4*c - 80. Suppose c = -2*s + 4*s. What is the remainder when t is divided by s?
6
Let y be (-2)/(-1 + (-3)/(-9)). Suppose -y*a + 0*a = 0. Suppose 2*w + 2*i - 52 = a, 15 = -3*i - 2*i. Calculate the remainder when w is divided by 10.
9
Let b(v) = -21*v**3 - v**2 - 2*v. Calculate the remainder when b(-1) is divided by 12.
10
Suppose 0 = 3*k - 7 - 14. Calculate the remainder when 19 is divided by k.
5
Let i = 12 + -26. Let u = i + 23. Calculate the remainder when 23 is divided by u.
5
Suppose 2*s - 6 = 16. Let c = -24 - -44. Calculate the remainder when c is divided by s.
9
Let l = -65 + 167. What is the remainder when l is divided by 26?
24
Let r = 41 - 29. Calculate the remainder when 34 is divided by r.
10
Suppose 3*v - v = -3*b + 88, 0 = -5*v + 3*b + 178. What is the remainder when 75 is divided by v?
37
Let k(c) = 4*c + 6. Let u be k(-9). Let g be 1/(1 - (-63)/(-62)). Let q = u - g. Calculate the remainder when q is divided by 17.
15
Let i(f) be the second derivative of -f**3/6 - 3*f**2 + 4*f. Let y be i(0). What is the remainder when ((-15)/y - 3)*-8 is divided by 3?
1
Suppose 2*r = 4*r + 10. Let y = -4 - r. What is the remainder when (y/(-3))/((-3)/225) is divided by 13?
12
Let a(v) = v**3 + 13*v**2 + 8*v + 7. Let n be a(-12). Suppose 6*h = h + n. Calculate the remainder when 42 is divided by h.
9
Let r(g) be the third derivative of 1/20*g**5 - 1/3*g**3 + 0 + 2*g**2 - 1/6*g**4 + 0*g. Calculate the remainder when r(4) is divided by 16.
14
Let x = -8 + 19. Calculate the remainder when 21 is divided by x.
10
Suppose 9*d - 5*d = 220. What is the remainder when d is divided by 19?
17
Calculate the remainder when ((-39)/(-26))/(-2 + 199/98) is divided by 13.
10
Let x(j) = j**3 - j**2 + j + 57. Calculate the remainder when x(0) is divided by 15.
12
Suppose -5*l = -4*l - 9. Calculate the remainder when 26 is divided by l.
8
Let m(f) = 5*f + f**2 + 4 + 2*f + 3. Let t be m(-5). Let g = 9 + t. What is the remainder when 17 is divided by g?
5
Let c(u) = -u**3 - u**2 + 2*u + 2. What is the remainder when 4 is divided by c(-2)?
0
Let x(o) = o**3 + o**2 - 2*o + 15. Suppose 0 = -8*r + 5*r. What is the remainder when 57 is divided by x(r)?
12
Suppose 63 + 69 = 4*m. Suppose -4*g = 2*o - 46, -4*o + o + m = 2*g. What is the remainder when 17 is divided by g?
8
Let a(b) = 2*b**2 - 11*b + 4. Calculate the remainder when a(7) is divided by 15.
10
Let q(i) = i**2 - 5*i - 5. Suppose -h = 5*d - 17 - 4, -5*d + 22 = 2*h. What is the remainder when h is divided by q(6)?
0
Suppose -3*g = -q - 25, g + 17 = 4*g - 5*q. Let b = g + -6. Suppose -2*d = b*l + l - 134, -4*l - d + 131 = 0. What is the remainder when l is divided by 17?
15
Let z = -7 + 10. What is the remainder when 17 is divided by 28/z + (-6)/18?
8
Suppose 400 = -3*m + 8*m. Suppose 5*v = m + 130. What is the remainder when v is divided by 15?
12
What is the remainder when 35 is divided by 2/(-13) - (-171)/13?
9
Let r(i) = -i**3 - 11*i**2 + 9*i - 19. What is the remainder when 32 is divided by r(-12)?
15
What is the remainder when 35 is divided by (24 + 0)*(-13)/(-26)?
11
Let h = 98 - 78. Calculate the remainder when 98 is divided by h.
18
Suppose -q = -4*q + 30. Let l = 100 - 61. Calculate the remainder when l is divided by q.
9
Suppose 0*k - 4*m = 2*k, 0 = -k + m + 15. Let u = 19 + k. Calculate the remainder when u is divided by 6.
5
Suppose 0 = 4*o - o + 12, -3*o = -i + 29. Suppose -b + i = 3*n - 29, -5*b + 20 = n. Suppose -5*y = -0*y - 220. What is the remainder when y is divided by n?
14
Suppose 0 = -4*u + 14 + 26. What is the remainder when 16 is divided by u?
6
Suppose -25 = -0*p - p + 4*a, 80 = 5*p - 5*a. Calculate the remainder when 64 is divided by p.
12
Let h(v) = v**2 + 2*v - 8. Suppose 4*b - 31 = -7. What is the remainder when h(-6) is divided by (b/7)/((-4)/(-28))?
4
Let u = 74 - 50. Suppose -4*s + u = -0*p + p, 0 = 4*p - 2*s - 42. Calculate the remainder when 21 is divided by p.
9
Let g(o) = -o**3 + 6*o**2 + 7*o + 2. Let q be g(7). Suppose -n - 2*n - 50 = -a, -q*n = -3*a + 178. Calculate the remainder when a is divided by 48/9*6/2.
14
Suppose 0 = 3*j - j - 128. Calculate the remainder when j is divided by 13.
12
Suppose -3*r + 6*r = 12. Suppose t - 3*a = r, 3*t - 3*a - 49 = -19. Let y(h) = h**3 + 24. Calculate the remainder when y(0) is divided by t.
11
Suppose -6*n + 3*n = -78. Calculate the remainder when n is divided by 7.
5
Let j = -31 - -43. Let x(i) = -35*i. What is the remainder when x(-1) is divided by j?
11
Suppose 4*w + 3*g = 99, -4*w + 3*g = -g - 64. Calculate the remainder when 38 is divided by w.
17
Let w(y) = -23*y + 1. Le